{"id":199,"date":"2013-02-22T07:51:49","date_gmt":"2013-02-22T07:51:49","guid":{"rendered":"http:\/\/www.conselharan.org\/govern\/eth-sindic\/"},"modified":"2020-11-18T18:57:53","modified_gmt":"2020-11-18T17:57:53","slug":"eth-sindic","status":"publish","type":"page","link":"https:\/\/www.conselharan.org\/ca\/eth-sindic\/","title":{"rendered":"La S\u00edndica"},"content":{"rendered":"<p>[vc_row el_position=&#8221;first&#8221;][vc_column][vc_single_image image=&#8221;29330&#8243; img_size=&#8221;940&#215;325&#8243; el_position=&#8221;first last&#8221;][\/vc_column][\/vc_row][vc_row][vc_column width=&#8221;1\/4&#8243; el_class=&#8221;sindic-row&#8221;][vc_single_image image=&#8221;29330&#8243; img_size=&#8221;213&#215;214&#8243; img_link=&#8221;https:\/\/www.facebook.com\/carlos.barrerasanchez.98&#8243; el_class=&#8221;sindic-widget-foto&#8221;][vc_column_text el_class=&#8221;sindic-widget-text&#8221;]<\/p>\n<h2 style=\"text-align: left;\"><strong>Maria Verg\u00e9s<\/strong><\/h2>\n<h2 style=\"text-align: left;\">SINDICA D&#8217;ARAN<\/h2>\n<p>[\/vc_column_text][\/vc_column][vc_column width=&#8221;3\/4&#8243; el_class=&#8221;sindic-row-2&#8243;][vc_column_text el_position=&#8221;first&#8221;]<span lang=\"ES\">Tal i como estableix la Llei 1\/2015, del 5 de febrer, del r\u00e8gim especial d\u2019Aran, la S\u00edndica \u00e9s la m\u00e0xima autoritat del Govern i de l&#8217;Administraci\u00f3 de l&#8217;Aran.<\/span><\/p>\n<p><span lang=\"ES\"> La S\u00edndica t\u00e9 la m\u00e9s alta representaci\u00f3 del Conselh Generau d&#8217;Aran. <\/span><\/p>\n<p><span lang=\"ES\">Tamb\u00e9 t\u00e9 la representaci\u00f3 ordin\u00e0ria de la Generalitat de Catalunya a l&#8217;Aran. <\/span><\/p>\n<p><span lang=\"ES\">La S\u00edndica \u00e9s elegida pel Ple en els termes que disposa aquesta llei.<\/span>[\/vc_column_text][\/vc_column][\/vc_row]<\/p>\n ","protected":false},"excerpt":{"rendered":"<p>[vc_row el_position=&#8221;first&#8221;][vc_column][vc_single_image image=&#8221;29330&#8243; img_size=&#8221;940&#215;325&#8243; el_position=&#8221;first last&#8221;][\/vc_column][\/vc_row][vc_row][vc_column width=&#8221;1\/4&#8243; el_class=&#8221;sindic-row&#8221;][vc_single_image image=&#8221;29330&#8243; img_size=&#8221;213&#215;214&#8243; img_link=&#8221;https:\/\/www.facebook.com\/carlos.barrerasanchez.98&#8243; el_class=&#8221;sindic-widget-foto&#8221;][vc_column_text el_class=&#8221;sindic-widget-text&#8221;] Maria Verg\u00e9s SINDICA D&#8217;ARAN [\/vc_column_text][\/vc_column][vc_column width=&#8221;3\/4&#8243; el_class=&#8221;sindic-row-2&#8243;][vc_column_text el_position=&#8221;first&#8221;]Tal i como estableix la Llei 1\/2015, del 5 de febrer, del r\u00e8gim especial d\u2019Aran, la S\u00edndica \u00e9s la m\u00e0xima autoritat del Govern i de l&#8217;Administraci\u00f3 de l&#8217;Aran. La S\u00edndica t\u00e9 la m\u00e9s alta representaci\u00f3&#8230;<\/p>\n","protected":false},"author":1,"featured_media":37227,"parent":0,"menu_order":0,"comment_status":"closed","ping_status":"closed","template":"page-onesidebar.php","meta":{"footnotes":""},"_links":{"self":[{"href":"https:\/\/www.conselharan.org\/ca\/wp-json\/wp\/v2\/pages\/199"}],"collection":[{"href":"https:\/\/www.conselharan.org\/ca\/wp-json\/wp\/v2\/pages"}],"about":[{"href":"https:\/\/www.conselharan.org\/ca\/wp-json\/wp\/v2\/types\/page"}],"author":[{"embeddable":true,"href":"https:\/\/www.conselharan.org\/ca\/wp-json\/wp\/v2\/users\/1"}],"replies":[{"embeddable":true,"href":"https:\/\/www.conselharan.org\/ca\/wp-json\/wp\/v2\/comments?post=199"}],"version-history":[{"count":61,"href":"https:\/\/www.conselharan.org\/ca\/wp-json\/wp\/v2\/pages\/199\/revisions"}],"predecessor-version":[{"id":37816,"href":"https:\/\/www.conselharan.org\/ca\/wp-json\/wp\/v2\/pages\/199\/revisions\/37816"}],"wp:featuredmedia":[{"embeddable":true,"href":"https:\/\/www.conselharan.org\/ca\/wp-json\/wp\/v2\/media\/37227"}],"wp:attachment":[{"href":"https:\/\/www.conselharan.org\/ca\/wp-json\/wp\/v2\/media?parent=199"}],"curies":[{"name":"wp","href":"https:\/\/api.w.org\/{rel}","templated":true}]}}

La Síndica

<p>[vc_row el_position=&#8221;first&#8221;][vc_column][vc_single_image image=&#8221;29330&#8243; img_size=&#8221;940&#215;325&#8243; el_position=&#8221;first last&#8221;][/vc_column][/vc_row][vc_row][vc_column width=&#8221;1/4&#8243; el_class=&#8221;sindic-row&#8221;][vc_single_image image=&#8221;29330&#8243; img_size=&#8221;213&#215;214&#8243; img_link=&#8221;https://www.facebook.com/carlos.barrerasanchez.98&#8243; el_class=&#8221;sindic-widget-foto&#8221;][vc_column_text el_class=&#8221;sindic-widget-text&#8221;]</p>
<h2 style="text-align: left;"><strong>Maria Vergés</strong></h2>
<h2 style="text-align: left;">SINDICA D&#8217;ARAN</h2>
<p>[/vc_column_text][/vc_column][vc_column width=&#8221;3/4&#8243; el_class=&#8221;sindic-row-2&#8243;][vc_column_text el_position=&#8221;first&#8221;]<span lang="ES">Tal i como estableix la Llei 1/2015, del 5 de febrer, del règim especial d’Aran, la Síndica és la màxima autoritat del Govern i de l&#8217;Administració de l&#8217;Aran.</span></p>
<p><span lang="ES"> La Síndica té la més alta representació del Conselh Generau d&#8217;Aran. </span></p>
<p><span lang="ES">També té la representació ordinària de la Generalitat de Catalunya a l&#8217;Aran. </span></p>
<p><span lang="ES">La Síndica és elegida pel Ple en els termes que disposa aquesta llei.</span>[/vc_column_text][/vc_column][/vc_row]</p>

<p>[vc_row el_position=&#8221;first&#8221;][vc_column][vc_single_image image=&#8221;29330&#8243; img_size=&#8221;940&#215;325&#8243; el_position=&#8221;first last&#8221;][/vc_column][/vc_row][vc_row][vc_column width=&#8221;1/4&#8243; el_class=&#8221;sindic-row&#8221;][vc_single_image image=&#8221;29330&#8243; img_size=&#8221;213&#215;214&#8243; img_link=&#8221;https://www.facebook.com/carlos.barrerasanchez.98&#8243; el_class=&#8221;sindic-widget-foto&#8221;][vc_column_text el_class=&#8221;sindic-widget-text&#8221;] Maria Vergés SINDICA D&#8217;ARAN [/vc_column_text][/vc_column][vc_column width=&#8221;3/4&#8243; el_class=&#8221;sindic-row-2&#8243;][vc_column_text el_position=&#8221;first&#8221;]Tal i como estableix la Llei 1/2015, del 5 de febrer, del règim especial d’Aran, la Síndica és la màxima autoritat del Govern i de l&#8217;Administració de l&#8217;Aran. La Síndica té la més alta representació&#8230;</p>
