{"id":2188,"date":"2013-09-16T11:27:09","date_gmt":"2013-09-16T09:27:09","guid":{"rendered":"http:\/\/www.conselharan.org\/?page_id=2188"},"modified":"2016-08-17T20:30:26","modified_gmt":"2016-08-17T18:30:26","slug":"gestio-de-loficina-de-serveis-de-joventut-gestio-dels-albergs-de-joventut-i-funcions-executives-en-materia-dinstal%c2%b7lacions-juvenils","status":"publish","type":"page","link":"https:\/\/www.conselharan.org\/ca\/competencies\/gestio-de-loficina-de-serveis-de-joventut-gestio-dels-albergs-de-joventut-i-funcions-executives-en-materia-dinstal%c2%b7lacions-juvenils\/","title":{"rendered":"Gesti\u00f3 de l&#8217;Oficina de Serveis de Joventut, gesti\u00f3 dels albergs de joventut i funcions executives en mat\u00e8ria d&#8217;instal\u00b7lacions juvenils"},"content":{"rendered":"<p>[vc_row el_position=&#8221;first&#8221;][vc_column][vc_single_image image=&#8221;2041&#8243; img_size=&#8221;940&#215;325&#8243; el_position=&#8221;first last&#8221;][\/vc_column][\/vc_row][vc_row][vc_column][vc_column_text] [\/vc_column_text][\/vc_column][\/vc_row][vc_row el_position=&#8221;last&#8221;][vc_column][vc_column_text el_position=&#8221;first&#8221;]<\/p>\n<h1>Documentaci\u00f3<\/h1>\n<p>[\/vc_column_text][vc_column_text el_position=&#8221;last&#8221;]<a href=\"http:\/\/www.conselharan.org\/wp-content\/uploads\/2016\/08\/116791.pdf\"><img loading=\"lazy\" decoding=\"async\" class=\"alignleft size-full wp-image-1752\" src=\"http:\/\/www.conselharan.org\/wp-content\/uploads\/2013\/07\/pdf.png\" alt=\"pdf\" width=\"32\" height=\"32\" \/>Decret 292\/1997, d&#8217;11 de novembre<\/a>, de transfer\u00e8ncia de compet\u00e8ncies i serveis de la Generalitat de Catalunya al Conselh Generau d&#8217;Aran en mat\u00e8ria de joventut (DOGC 2520, de 25.11.1997).[\/vc_column_text][\/vc_column][\/vc_row]<\/p>\n ","protected":false},"excerpt":{"rendered":"<p>[vc_row el_position=&#8221;first&#8221;][vc_column][vc_single_image image=&#8221;2041&#8243; img_size=&#8221;940&#215;325&#8243; el_position=&#8221;first last&#8221;][\/vc_column][\/vc_row][vc_row][vc_column][vc_column_text] [\/vc_column_text][\/vc_column][\/vc_row][vc_row el_position=&#8221;last&#8221;][vc_column][vc_column_text el_position=&#8221;first&#8221;] Documentaci\u00f3 [\/vc_column_text][vc_column_text el_position=&#8221;last&#8221;]Decret 292\/1997, d&#8217;11 de novembre, de transfer\u00e8ncia de compet\u00e8ncies i serveis de la Generalitat de Catalunya al Conselh Generau d&#8217;Aran en mat\u00e8ria de joventut (DOGC 2520, de 25.11.1997).[\/vc_column_text][\/vc_column][\/vc_row]<\/p>\n","protected":false},"author":1,"featured_media":0,"parent":268,"menu_order":0,"comment_status":"closed","ping_status":"closed","template":"page-onesidebar.php","meta":{"footnotes":""},"_links":{"self":[{"href":"https:\/\/www.conselharan.org\/ca\/wp-json\/wp\/v2\/pages\/2188"}],"collection":[{"href":"https:\/\/www.conselharan.org\/ca\/wp-json\/wp\/v2\/pages"}],"about":[{"href":"https:\/\/www.conselharan.org\/ca\/wp-json\/wp\/v2\/types\/page"}],"author":[{"embeddable":true,"href":"https:\/\/www.conselharan.org\/ca\/wp-json\/wp\/v2\/users\/1"}],"replies":[{"embeddable":true,"href":"https:\/\/www.conselharan.org\/ca\/wp-json\/wp\/v2\/comments?post=2188"}],"version-history":[{"count":3,"href":"https:\/\/www.conselharan.org\/ca\/wp-json\/wp\/v2\/pages\/2188\/revisions"}],"predecessor-version":[{"id":13526,"href":"https:\/\/www.conselharan.org\/ca\/wp-json\/wp\/v2\/pages\/2188\/revisions\/13526"}],"up":[{"embeddable":true,"href":"https:\/\/www.conselharan.org\/ca\/wp-json\/wp\/v2\/pages\/268"}],"wp:attachment":[{"href":"https:\/\/www.conselharan.org\/ca\/wp-json\/wp\/v2\/media?parent=2188"}],"curies":[{"name":"wp","href":"https:\/\/api.w.org\/{rel}","templated":true}]}}

Gestió de l&#8217;Oficina de Serveis de Joventut, gestió dels albergs de joventut i funcions executives en matèria d&#8217;instal·lacions juvenils

<p>[vc_row el_position=&#8221;first&#8221;][vc_column][vc_single_image image=&#8221;2041&#8243; img_size=&#8221;940&#215;325&#8243; el_position=&#8221;first last&#8221;][/vc_column][/vc_row][vc_row][vc_column][vc_column_text] [/vc_column_text][/vc_column][/vc_row][vc_row el_position=&#8221;last&#8221;][vc_column][vc_column_text el_position=&#8221;first&#8221;]</p>
<h1>Documentació</h1>
<p>[/vc_column_text][vc_column_text el_position=&#8221;last&#8221;]<a href="http://www.conselharan.org/wp-content/uploads/2016/08/116791.pdf"><img loading="lazy" decoding="async" class="alignleft size-full wp-image-1752" src="http://www.conselharan.org/wp-content/uploads/2013/07/pdf.png" alt="pdf" width="32" height="32" />Decret 292/1997, d&#8217;11 de novembre</a>, de transferència de competències i serveis de la Generalitat de Catalunya al Conselh Generau d&#8217;Aran en matèria de joventut (DOGC 2520, de 25.11.1997).[/vc_column_text][/vc_column][/vc_row]</p>

<p>[vc_row el_position=&#8221;first&#8221;][vc_column][vc_single_image image=&#8221;2041&#8243; img_size=&#8221;940&#215;325&#8243; el_position=&#8221;first last&#8221;][/vc_column][/vc_row][vc_row][vc_column][vc_column_text] [/vc_column_text][/vc_column][/vc_row][vc_row el_position=&#8221;last&#8221;][vc_column][vc_column_text el_position=&#8221;first&#8221;] Documentació [/vc_column_text][vc_column_text el_position=&#8221;last&#8221;]Decret 292/1997, d&#8217;11 de novembre, de transferència de competències i serveis de la Generalitat de Catalunya al Conselh Generau d&#8217;Aran en matèria de joventut (DOGC 2520, de 25.11.1997).[/vc_column_text][/vc_column][/vc_row]</p>
