{"id":2217,"date":"2013-09-16T12:26:06","date_gmt":"2013-09-16T10:26:06","guid":{"rendered":"http:\/\/www.conselharan.org\/?page_id=2217"},"modified":"2016-08-18T19:07:45","modified_gmt":"2016-08-18T17:07:45","slug":"serveis-interiors-de-viatgers-per-carretera-i-dinstal%c2%b7lacio-infraestructures-viaries-transports-manteniment-i-conservacio-de-les-marquesines-despera","status":"publish","type":"page","link":"https:\/\/www.conselharan.org\/ca\/competencies\/serveis-interiors-de-viatgers-per-carretera-i-dinstal%c2%b7lacio-infraestructures-viaries-transports-manteniment-i-conservacio-de-les-marquesines-despera\/","title":{"rendered":"Serveis interiors de viatgers per carretera i d&#8217;instal\u00b7laci\u00f3, infraestructures vi\u00e0ries, transports, manteniment i conservaci\u00f3 de les marquesines d&#8217;espera"},"content":{"rendered":"<p>[vc_row el_position=&#8221;first&#8221;][vc_column][vc_single_image image=&#8221;2045&#8243; img_size=&#8221;940&#215;325&#8243; el_position=&#8221;first last&#8221;][\/vc_column][\/vc_row][vc_row][vc_column][vc_column_text] [\/vc_column_text][\/vc_column][\/vc_row][vc_row el_position=&#8221;last&#8221;][vc_column][vc_column_text el_position=&#8221;first&#8221;]<\/p>\n<h1>Documentaci\u00f3<\/h1>\n<p>[\/vc_column_text][vc_column_text el_position=&#8221;last&#8221;]<a href=\"http:\/\/www.conselharan.org\/wp-content\/uploads\/2016\/08\/159037_1.pdf\"><img loading=\"lazy\" decoding=\"async\" class=\"alignleft size-full wp-image-1752\" src=\"http:\/\/www.conselharan.org\/wp-content\/uploads\/2013\/07\/pdf.png\" alt=\"pdf\" width=\"32\" height=\"32\" \/>Decret 164\/1999, de 15 de juny<\/a>, de transfer\u00e8ncia de serveis i funcions de la Generalitat de Catalunya al Conselh Generau d&#8217;Aran en mat\u00e8ria de transports interiors de viatgers (DOGC 2916, de 23.06.1999).<\/p>\n<ul>\n<li><strong>Conveni de col\u00b7laboraci\u00f3<\/strong>\u00a0entre el Departament de Pol\u00edtica Territorial i Obres P\u00fabliques i el Conselh Generau d&#8217;Aran annex a l&#8217;acord de trasp\u00e0s en mat\u00e8ria de transport interior de viatgers, de 4 de maig de 1999.<\/li>\n<\/ul>\n<p><a href=\"http:\/\/www.conselharan.org\/wp-content\/uploads\/2016\/08\/347118_2.pdf\"><img loading=\"lazy\" decoding=\"async\" class=\"alignleft size-full wp-image-1752\" src=\"http:\/\/www.conselharan.org\/wp-content\/uploads\/2013\/07\/pdf.png\" alt=\"pdf\" width=\"32\" height=\"32\" \/>Decret 147\/2003, de 10 de juny<\/a>, de transfer\u00e8ncia de compet\u00e8ncies de la Generalitat de Catalunya al Consell General d\u2019Aran relatives a l\u2019heliport de Vielha (DOGC 3913, 27.6.2003)<\/p>\n<p><a href=\"http:\/\/www.conselharan.org\/wp-content\/uploads\/2016\/08\/336738_3.pdf\"><img loading=\"lazy\" decoding=\"async\" class=\"alignleft size-full wp-image-1752\" src=\"http:\/\/www.conselharan.org\/wp-content\/uploads\/2013\/07\/pdf.png\" alt=\"pdf\" width=\"32\" height=\"32\" \/>Decret 283\/2003, de 4 de novembre<\/a>, de transfer\u00e8ncia de compet\u00e8ncies de la Generalitat de Catalunya al Consell General d&#8217;Aran relatives a l&#8217;aparcament de Baqueira a Naut Aran.[\/vc_column_text][\/vc_column][\/vc_row]<\/p>\n ","protected":false},"excerpt":{"rendered":"<p>[vc_row el_position=&#8221;first&#8221;][vc_column][vc_single_image image=&#8221;2045&#8243; img_size=&#8221;940&#215;325&#8243; el_position=&#8221;first last&#8221;][\/vc_column][\/vc_row][vc_row][vc_column][vc_column_text] [\/vc_column_text][\/vc_column][\/vc_row][vc_row el_position=&#8221;last&#8221;][vc_column][vc_column_text el_position=&#8221;first&#8221;] Documentaci\u00f3 [\/vc_column_text][vc_column_text el_position=&#8221;last&#8221;]Decret 164\/1999, de 15 de juny, de transfer\u00e8ncia de serveis i funcions de la Generalitat de Catalunya al Conselh Generau d&#8217;Aran en mat\u00e8ria de transports interiors de viatgers (DOGC 2916, de 23.06.1999). Conveni de col\u00b7laboraci\u00f3\u00a0entre el Departament de Pol\u00edtica Territorial i Obres P\u00fabliques i&#8230;<\/p>\n","protected":false},"author":1,"featured_media":0,"parent":268,"menu_order":0,"comment_status":"closed","ping_status":"closed","template":"page-onesidebar.php","meta":{"footnotes":""},"_links":{"self":[{"href":"https:\/\/www.conselharan.org\/ca\/wp-json\/wp\/v2\/pages\/2217"}],"collection":[{"href":"https:\/\/www.conselharan.org\/ca\/wp-json\/wp\/v2\/pages"}],"about":[{"href":"https:\/\/www.conselharan.org\/ca\/wp-json\/wp\/v2\/types\/page"}],"author":[{"embeddable":true,"href":"https:\/\/www.conselharan.org\/ca\/wp-json\/wp\/v2\/users\/1"}],"replies":[{"embeddable":true,"href":"https:\/\/www.conselharan.org\/ca\/wp-json\/wp\/v2\/comments?post=2217"}],"version-history":[{"count":3,"href":"https:\/\/www.conselharan.org\/ca\/wp-json\/wp\/v2\/pages\/2217\/revisions"}],"predecessor-version":[{"id":13582,"href":"https:\/\/www.conselharan.org\/ca\/wp-json\/wp\/v2\/pages\/2217\/revisions\/13582"}],"up":[{"embeddable":true,"href":"https:\/\/www.conselharan.org\/ca\/wp-json\/wp\/v2\/pages\/268"}],"wp:attachment":[{"href":"https:\/\/www.conselharan.org\/ca\/wp-json\/wp\/v2\/media?parent=2217"}],"curies":[{"name":"wp","href":"https:\/\/api.w.org\/{rel}","templated":true}]}}

Serveis interiors de viatgers per carretera i d&#8217;instal·lació, infraestructures viàries, transports, manteniment i conservació de les marquesines d&#8217;espera

<p>[vc_row el_position=&#8221;first&#8221;][vc_column][vc_single_image image=&#8221;2045&#8243; img_size=&#8221;940&#215;325&#8243; el_position=&#8221;first last&#8221;][/vc_column][/vc_row][vc_row][vc_column][vc_column_text] [/vc_column_text][/vc_column][/vc_row][vc_row el_position=&#8221;last&#8221;][vc_column][vc_column_text el_position=&#8221;first&#8221;]</p>
<h1>Documentació</h1>
<p>[/vc_column_text][vc_column_text el_position=&#8221;last&#8221;]<a href="http://www.conselharan.org/wp-content/uploads/2016/08/159037_1.pdf"><img loading="lazy" decoding="async" class="alignleft size-full wp-image-1752" src="http://www.conselharan.org/wp-content/uploads/2013/07/pdf.png" alt="pdf" width="32" height="32" />Decret 164/1999, de 15 de juny</a>, de transferència de serveis i funcions de la Generalitat de Catalunya al Conselh Generau d&#8217;Aran en matèria de transports interiors de viatgers (DOGC 2916, de 23.06.1999).</p>
<ul>
<li><strong>Conveni de col·laboració</strong> entre el Departament de Política Territorial i Obres Públiques i el Conselh Generau d&#8217;Aran annex a l&#8217;acord de traspàs en matèria de transport interior de viatgers, de 4 de maig de 1999.</li>
</ul>
<p><a href="http://www.conselharan.org/wp-content/uploads/2016/08/347118_2.pdf"><img loading="lazy" decoding="async" class="alignleft size-full wp-image-1752" src="http://www.conselharan.org/wp-content/uploads/2013/07/pdf.png" alt="pdf" width="32" height="32" />Decret 147/2003, de 10 de juny</a>, de transferència de competències de la Generalitat de Catalunya al Consell General d’Aran relatives a l’heliport de Vielha (DOGC 3913, 27.6.2003)</p>
<p><a href="http://www.conselharan.org/wp-content/uploads/2016/08/336738_3.pdf"><img loading="lazy" decoding="async" class="alignleft size-full wp-image-1752" src="http://www.conselharan.org/wp-content/uploads/2013/07/pdf.png" alt="pdf" width="32" height="32" />Decret 283/2003, de 4 de novembre</a>, de transferència de competències de la Generalitat de Catalunya al Consell General d&#8217;Aran relatives a l&#8217;aparcament de Baqueira a Naut Aran.[/vc_column_text][/vc_column][/vc_row]</p>

<p>[vc_row el_position=&#8221;first&#8221;][vc_column][vc_single_image image=&#8221;2045&#8243; img_size=&#8221;940&#215;325&#8243; el_position=&#8221;first last&#8221;][/vc_column][/vc_row][vc_row][vc_column][vc_column_text] [/vc_column_text][/vc_column][/vc_row][vc_row el_position=&#8221;last&#8221;][vc_column][vc_column_text el_position=&#8221;first&#8221;] Documentació [/vc_column_text][vc_column_text el_position=&#8221;last&#8221;]Decret 164/1999, de 15 de juny, de transferència de serveis i funcions de la Generalitat de Catalunya al Conselh Generau d&#8217;Aran en matèria de transports interiors de viatgers (DOGC 2916, de 23.06.1999). Conveni de col·laboració entre el Departament de Política Territorial i Obres Públiques i&#8230;</p>
