{"id":2221,"date":"2013-09-16T12:39:42","date_gmt":"2013-09-16T10:39:42","guid":{"rendered":"http:\/\/www.conselharan.org\/?page_id=2221"},"modified":"2016-08-18T19:05:33","modified_gmt":"2016-08-18T17:05:33","slug":"servicios-interiores-de-viajeros-por-carretera-y-de-instalacion-infraestructuras-viarias-transportes-mantenimiento-y-conservacion-de-las-marquesinas-de-espera","status":"publish","type":"page","link":"https:\/\/www.conselharan.org\/es\/competencies\/servicios-interiores-de-viajeros-por-carretera-y-de-instalacion-infraestructuras-viarias-transportes-mantenimiento-y-conservacion-de-las-marquesinas-de-espera\/","title":{"rendered":"Servicios interiores de viajeros por carretera y de instalaci\u00f3n, infraestructuras viarias, transportes, mantenimiento y conservaci\u00f3n de las marquesinas de espera"},"content":{"rendered":"<p>[vc_row el_position=\u00bbfirst\u00bb][vc_column][vc_single_image image=\u00bb2045&#8243; img_size=\u00bb940&#215;325&#8243; el_position=\u00bbfirst last\u00bb][\/vc_column][\/vc_row][vc_row][vc_column][vc_column_text] [\/vc_column_text][\/vc_column][\/vc_row][vc_row el_position=\u00bblast\u00bb][vc_column][vc_column_text el_position=\u00bbfirst\u00bb]<\/p>\n<h1>Documentaci\u00f3n<\/h1>\n<p>[\/vc_column_text][vc_column_text el_position=\u00bblast\u00bb]<a href=\"http:\/\/www.conselharan.org\/wp-content\/uploads\/2016\/08\/159037_1.pdf\"><img loading=\"lazy\" decoding=\"async\" class=\"alignleft size-full wp-image-1752\" src=\"http:\/\/www.conselharan.org\/wp-content\/uploads\/2013\/07\/pdf.png\" alt=\"pdf\" width=\"32\" height=\"32\" \/>Decreto 164\/1999, de 15 de junio<\/a>, de transferencia de servicios y funciones de la Generalitat de Catalu\u00f1a al Conselh Generau d\u2019Aran en materia de transportes interiores de viajeros (DOGC 2916, de 23.06.1999).<\/p>\n<ul>\n<li><strong>Convenio de colaboraci\u00f3n<\/strong> entre el Departamento de Pol\u00edtica Territorial y Obras P\u00fablicas y el Conselh Generau d\u2019Aran anexo al acuerdo de traspaso en materia de transporte interior de viajeros, de 4 de mayo de 1999.<\/li>\n<\/ul>\n<p><a href=\"http:\/\/www.conselharan.org\/wp-content\/uploads\/2016\/08\/347118_2.pdf\"><img loading=\"lazy\" decoding=\"async\" class=\"alignleft size-full wp-image-1752\" src=\"http:\/\/www.conselharan.org\/wp-content\/uploads\/2013\/07\/pdf.png\" alt=\"pdf\" width=\"32\" height=\"32\" \/>Decreto 147\/2003, de 10 de junio<\/a>, de transferencia de competencias de la Generalitat de Catalu\u00f1a al Conselh Generau d\u2019Aran relativas al helipuerto de Vielha (DOGC 3913, 27.6.2003)<\/p>\n<p><a href=\"http:\/\/www.conselharan.org\/wp-content\/uploads\/2016\/08\/336738_3.pdf\"><img loading=\"lazy\" decoding=\"async\" class=\"alignleft size-full wp-image-1752\" src=\"http:\/\/www.conselharan.org\/wp-content\/uploads\/2013\/07\/pdf.png\" alt=\"pdf\" width=\"32\" height=\"32\" \/>Decreto 283\/2003, de 4 de noviembre<\/a>, de transferencia de competencias de la Generalitat de Catalu\u00f1a al Conselh Generau d\u2019Aran relativas al aparcamiento de Baqueira en Naut Aran.[\/vc_column_text][\/vc_column][\/vc_row]<\/p>\n ","protected":false},"excerpt":{"rendered":"<p>[vc_row el_position=\u00bbfirst\u00bb][vc_column][vc_single_image image=\u00bb2045&#8243; img_size=\u00bb940&#215;325&#8243; el_position=\u00bbfirst last\u00bb][\/vc_column][\/vc_row][vc_row][vc_column][vc_column_text] [\/vc_column_text][\/vc_column][\/vc_row][vc_row el_position=\u00bblast\u00bb][vc_column][vc_column_text el_position=\u00bbfirst\u00bb] Documentaci\u00f3n [\/vc_column_text][vc_column_text el_position=\u00bblast\u00bb]Decreto 164\/1999, de 15 de junio, de transferencia de servicios y funciones de la Generalitat de Catalu\u00f1a al Conselh Generau d\u2019Aran en materia de transportes interiores de viajeros (DOGC 2916, de 23.06.1999). Convenio de colaboraci\u00f3n entre el Departamento de Pol\u00edtica Territorial y Obras P\u00fablicas&#8230;<\/p>\n","protected":false},"author":1,"featured_media":0,"parent":266,"menu_order":0,"comment_status":"closed","ping_status":"closed","template":"page-onesidebar.php","meta":{"footnotes":""},"_links":{"self":[{"href":"https:\/\/www.conselharan.org\/es\/wp-json\/wp\/v2\/pages\/2221"}],"collection":[{"href":"https:\/\/www.conselharan.org\/es\/wp-json\/wp\/v2\/pages"}],"about":[{"href":"https:\/\/www.conselharan.org\/es\/wp-json\/wp\/v2\/types\/page"}],"author":[{"embeddable":true,"href":"https:\/\/www.conselharan.org\/es\/wp-json\/wp\/v2\/users\/1"}],"replies":[{"embeddable":true,"href":"https:\/\/www.conselharan.org\/es\/wp-json\/wp\/v2\/comments?post=2221"}],"version-history":[{"count":3,"href":"https:\/\/www.conselharan.org\/es\/wp-json\/wp\/v2\/pages\/2221\/revisions"}],"predecessor-version":[{"id":13581,"href":"https:\/\/www.conselharan.org\/es\/wp-json\/wp\/v2\/pages\/2221\/revisions\/13581"}],"up":[{"embeddable":true,"href":"https:\/\/www.conselharan.org\/es\/wp-json\/wp\/v2\/pages\/266"}],"wp:attachment":[{"href":"https:\/\/www.conselharan.org\/es\/wp-json\/wp\/v2\/media?parent=2221"}],"curies":[{"name":"wp","href":"https:\/\/api.w.org\/{rel}","templated":true}]}}

Servicios interiores de viajeros por carretera y de instalación, infraestructuras viarias, transportes, mantenimiento y conservación de las marquesinas de espera

<p>[vc_row el_position=»first»][vc_column][vc_single_image image=»2045&#8243; img_size=»940&#215;325&#8243; el_position=»first last»][/vc_column][/vc_row][vc_row][vc_column][vc_column_text] [/vc_column_text][/vc_column][/vc_row][vc_row el_position=»last»][vc_column][vc_column_text el_position=»first»]</p>
<h1>Documentación</h1>
<p>[/vc_column_text][vc_column_text el_position=»last»]<a href="http://www.conselharan.org/wp-content/uploads/2016/08/159037_1.pdf"><img loading="lazy" decoding="async" class="alignleft size-full wp-image-1752" src="http://www.conselharan.org/wp-content/uploads/2013/07/pdf.png" alt="pdf" width="32" height="32" />Decreto 164/1999, de 15 de junio</a>, de transferencia de servicios y funciones de la Generalitat de Cataluña al Conselh Generau d’Aran en materia de transportes interiores de viajeros (DOGC 2916, de 23.06.1999).</p>
<ul>
<li><strong>Convenio de colaboración</strong> entre el Departamento de Política Territorial y Obras Públicas y el Conselh Generau d’Aran anexo al acuerdo de traspaso en materia de transporte interior de viajeros, de 4 de mayo de 1999.</li>
</ul>
<p><a href="http://www.conselharan.org/wp-content/uploads/2016/08/347118_2.pdf"><img loading="lazy" decoding="async" class="alignleft size-full wp-image-1752" src="http://www.conselharan.org/wp-content/uploads/2013/07/pdf.png" alt="pdf" width="32" height="32" />Decreto 147/2003, de 10 de junio</a>, de transferencia de competencias de la Generalitat de Cataluña al Conselh Generau d’Aran relativas al helipuerto de Vielha (DOGC 3913, 27.6.2003)</p>
<p><a href="http://www.conselharan.org/wp-content/uploads/2016/08/336738_3.pdf"><img loading="lazy" decoding="async" class="alignleft size-full wp-image-1752" src="http://www.conselharan.org/wp-content/uploads/2013/07/pdf.png" alt="pdf" width="32" height="32" />Decreto 283/2003, de 4 de noviembre</a>, de transferencia de competencias de la Generalitat de Cataluña al Conselh Generau d’Aran relativas al aparcamiento de Baqueira en Naut Aran.[/vc_column_text][/vc_column][/vc_row]</p>

<p>[vc_row el_position=»first»][vc_column][vc_single_image image=»2045&#8243; img_size=»940&#215;325&#8243; el_position=»first last»][/vc_column][/vc_row][vc_row][vc_column][vc_column_text] [/vc_column_text][/vc_column][/vc_row][vc_row el_position=»last»][vc_column][vc_column_text el_position=»first»] Documentación [/vc_column_text][vc_column_text el_position=»last»]Decreto 164/1999, de 15 de junio, de transferencia de servicios y funciones de la Generalitat de Cataluña al Conselh Generau d’Aran en materia de transportes interiores de viajeros (DOGC 2916, de 23.06.1999). Convenio de colaboración entre el Departamento de Política Territorial y Obras Públicas&#8230;</p>
