{"id":2228,"date":"2013-09-17T11:27:20","date_gmt":"2013-09-17T09:27:20","guid":{"rendered":"http:\/\/www.conselharan.org\/?page_id=2228"},"modified":"2016-08-18T19:11:17","modified_gmt":"2016-08-18T17:11:17","slug":"elaboracion-y-produccion-de-libros-de-texto-y-material-didactico-en-aranes-formacion-permanente-del-profesorado-en-lengua-y-cultura-aranesa-auxiliares-de-conversacion-en-aranes-actividades-de-impla","status":"publish","type":"page","link":"https:\/\/www.conselharan.org\/es\/competencies\/elaboracion-y-produccion-de-libros-de-texto-y-material-didactico-en-aranes-formacion-permanente-del-profesorado-en-lengua-y-cultura-aranesa-auxiliares-de-conversacion-en-aranes-actividades-de-impla\/","title":{"rendered":"Elaboraci\u00f3n y producci\u00f3n de libros de texto y material did\u00e1ctico en aran\u00e9s, formaci\u00f3n permanente del profesorado en lengua y cultura aranesa, auxiliares de conversaci\u00f3n en aran\u00e9s, actividades de implantaci\u00f3n de la reforma educativa y desarrollo en lengua aranesa, gesti\u00f3n de los servicios de comedor y transporte escolar y formaci\u00f3n ocupacional"},"content":{"rendered":"<p>[vc_row el_position=\u00bbfirst\u00bb][vc_column][vc_single_image image=\u00bb2051&#8243; img_size=\u00bb940&#215;325&#8243; el_position=\u00bbfirst last\u00bb][\/vc_column][\/vc_row][vc_row][vc_column][vc_column_text] [\/vc_column_text][\/vc_column][\/vc_row][vc_row el_position=\u00bblast\u00bb][vc_column][vc_column_text el_position=\u00bbfirst\u00bb]<\/p>\n<h1>Documentaci\u00f3n<\/h1>\n<p>[\/vc_column_text][vc_column_text el_position=\u00bblast\u00bb]<\/p>\n<ul>\n<li><strong>Acuerdo de colaboraci\u00f3n<\/strong> entre el Departamento de Educaci\u00f3n de la Generalitat de Catalu\u00f1a y el Conselh Generau de la Val d\u2019Aran para la incentivaci\u00f3n del uso del aran\u00e9s a los centros educativos y la incorporaci\u00f3n de contenidos espec\u00edficos de la Val d\u2019Aran en el curr\u00edculum ordinario (a\u00f1o 2005).<\/li>\n<li><strong>Protocolo de colaboraci\u00f3n<\/strong> entre el Departamento de Educaci\u00f3n de la Generalitat de Catalu\u00f1a y el Conselh Generau de la Val d\u2019Aran en materia de inspecci\u00f3n de educaci\u00f3n (a\u00f1o 2005).<\/li>\n<\/ul>\n<p><a href=\"http:\/\/www.conselharan.org\/wp-content\/uploads\/2016\/08\/398819_1.pdf\"><img loading=\"lazy\" decoding=\"async\" class=\"alignleft size-full wp-image-1752\" src=\"http:\/\/www.conselharan.org\/wp-content\/uploads\/2013\/07\/pdf.png\" alt=\"pdf\" width=\"32\" height=\"32\" \/>Decreto 44\/2005, de 22 de marzo<\/a>, por el cual se deja parcialmente sin efectos el Decreto 178\/2003, de 8 de julio, de transferencia de competencias de la Generalitat de Catalu\u00f1a al Conselh Generau d\u2019Aran en materia de formaci\u00f3n ocupacional en el \u00e1mbito de la escuela de hosteleria (DOGC 4350, de 24.03.2005).<\/p>\n<p><a href=\"http:\/\/www.conselharan.org\/wp-content\/uploads\/2016\/08\/2925CAT_2.pdf\"><img loading=\"lazy\" decoding=\"async\" class=\"alignleft size-full wp-image-1752\" src=\"http:\/\/www.conselharan.org\/wp-content\/uploads\/2013\/07\/pdf.png\" alt=\"pdf\" width=\"32\" height=\"32\" \/>Decreto 212\/1999, de 27 de julio<\/a>, de transferencia de competencias y servicios de la Generalitat de Catalu\u00f1a al Conselh Generau d\u2019Aran en materia de educaci\u00f3n (DOGC 2925, de 7.07.1999).<\/p>\n<ul>\n<li>C<strong>onvenio de colaboraci\u00f3n<\/strong> entre el Departamento de Educaci\u00f3n y el Conselh Generau d\u2019Aran anexo al acuerdo de traspaso en materia de educaci\u00f3n.<\/li>\n<\/ul>\n<p><a href=\"http:\/\/www.conselharan.org\/wp-content\/uploads\/2016\/08\/335996_3.pdf\"><img loading=\"lazy\" decoding=\"async\" class=\"alignleft size-full wp-image-1752\" src=\"http:\/\/www.conselharan.org\/wp-content\/uploads\/2013\/07\/pdf.png\" alt=\"pdf\" width=\"32\" height=\"32\" \/>Decreto 178\/2003, de 8 de julio<\/a><strong>,<\/strong>\u00a0de transferencia de competencias de la Generalitat de Catalu\u00f1a al Conselh General d\u2019Aran en materia de formaci\u00f3n ocupacional en el \u00e1mbito de la escuela de hosteleria (DOGC 3935, de 29.7.2003).[\/vc_column_text][\/vc_column][\/vc_row]<\/p>\n ","protected":false},"excerpt":{"rendered":"<p>[vc_row el_position=\u00bbfirst\u00bb][vc_column][vc_single_image image=\u00bb2051&#8243; img_size=\u00bb940&#215;325&#8243; el_position=\u00bbfirst last\u00bb][\/vc_column][\/vc_row][vc_row][vc_column][vc_column_text] [\/vc_column_text][\/vc_column][\/vc_row][vc_row el_position=\u00bblast\u00bb][vc_column][vc_column_text el_position=\u00bbfirst\u00bb] Documentaci\u00f3n [\/vc_column_text][vc_column_text el_position=\u00bblast\u00bb] Acuerdo de colaboraci\u00f3n entre el Departamento de Educaci\u00f3n de la Generalitat de Catalu\u00f1a y el Conselh Generau de la Val d\u2019Aran para la incentivaci\u00f3n del uso del aran\u00e9s a los centros educativos y la incorporaci\u00f3n de contenidos espec\u00edficos de la Val d\u2019Aran en&#8230;<\/p>\n","protected":false},"author":1,"featured_media":0,"parent":266,"menu_order":0,"comment_status":"closed","ping_status":"closed","template":"page-onesidebar.php","meta":{"footnotes":""},"_links":{"self":[{"href":"https:\/\/www.conselharan.org\/es\/wp-json\/wp\/v2\/pages\/2228"}],"collection":[{"href":"https:\/\/www.conselharan.org\/es\/wp-json\/wp\/v2\/pages"}],"about":[{"href":"https:\/\/www.conselharan.org\/es\/wp-json\/wp\/v2\/types\/page"}],"author":[{"embeddable":true,"href":"https:\/\/www.conselharan.org\/es\/wp-json\/wp\/v2\/users\/1"}],"replies":[{"embeddable":true,"href":"https:\/\/www.conselharan.org\/es\/wp-json\/wp\/v2\/comments?post=2228"}],"version-history":[{"count":2,"href":"https:\/\/www.conselharan.org\/es\/wp-json\/wp\/v2\/pages\/2228\/revisions"}],"predecessor-version":[{"id":13588,"href":"https:\/\/www.conselharan.org\/es\/wp-json\/wp\/v2\/pages\/2228\/revisions\/13588"}],"up":[{"embeddable":true,"href":"https:\/\/www.conselharan.org\/es\/wp-json\/wp\/v2\/pages\/266"}],"wp:attachment":[{"href":"https:\/\/www.conselharan.org\/es\/wp-json\/wp\/v2\/media?parent=2228"}],"curies":[{"name":"wp","href":"https:\/\/api.w.org\/{rel}","templated":true}]}}

Elaboración y producción de libros de texto y material didáctico en aranés, formación permanente del profesorado en lengua y cultura aranesa, auxiliares de conversación en aranés, actividades de implantación de la reforma educativa y desarrollo en lengua aranesa, gestión de los servicios de comedor y transporte escolar y formación ocupacional

<p>[vc_row el_position=»first»][vc_column][vc_single_image image=»2051&#8243; img_size=»940&#215;325&#8243; el_position=»first last»][/vc_column][/vc_row][vc_row][vc_column][vc_column_text] [/vc_column_text][/vc_column][/vc_row][vc_row el_position=»last»][vc_column][vc_column_text el_position=»first»]</p>
<h1>Documentación</h1>
<p>[/vc_column_text][vc_column_text el_position=»last»]</p>
<ul>
<li><strong>Acuerdo de colaboración</strong> entre el Departamento de Educación de la Generalitat de Cataluña y el Conselh Generau de la Val d’Aran para la incentivación del uso del aranés a los centros educativos y la incorporación de contenidos específicos de la Val d’Aran en el currículum ordinario (año 2005).</li>
<li><strong>Protocolo de colaboración</strong> entre el Departamento de Educación de la Generalitat de Cataluña y el Conselh Generau de la Val d’Aran en materia de inspección de educación (año 2005).</li>
</ul>
<p><a href="http://www.conselharan.org/wp-content/uploads/2016/08/398819_1.pdf"><img loading="lazy" decoding="async" class="alignleft size-full wp-image-1752" src="http://www.conselharan.org/wp-content/uploads/2013/07/pdf.png" alt="pdf" width="32" height="32" />Decreto 44/2005, de 22 de marzo</a>, por el cual se deja parcialmente sin efectos el Decreto 178/2003, de 8 de julio, de transferencia de competencias de la Generalitat de Cataluña al Conselh Generau d’Aran en materia de formación ocupacional en el ámbito de la escuela de hosteleria (DOGC 4350, de 24.03.2005).</p>
<p><a href="http://www.conselharan.org/wp-content/uploads/2016/08/2925CAT_2.pdf"><img loading="lazy" decoding="async" class="alignleft size-full wp-image-1752" src="http://www.conselharan.org/wp-content/uploads/2013/07/pdf.png" alt="pdf" width="32" height="32" />Decreto 212/1999, de 27 de julio</a>, de transferencia de competencias y servicios de la Generalitat de Cataluña al Conselh Generau d’Aran en materia de educación (DOGC 2925, de 7.07.1999).</p>
<ul>
<li>C<strong>onvenio de colaboración</strong> entre el Departamento de Educación y el Conselh Generau d’Aran anexo al acuerdo de traspaso en materia de educación.</li>
</ul>
<p><a href="http://www.conselharan.org/wp-content/uploads/2016/08/335996_3.pdf"><img loading="lazy" decoding="async" class="alignleft size-full wp-image-1752" src="http://www.conselharan.org/wp-content/uploads/2013/07/pdf.png" alt="pdf" width="32" height="32" />Decreto 178/2003, de 8 de julio</a><strong>,</strong> de transferencia de competencias de la Generalitat de Cataluña al Conselh General d’Aran en materia de formación ocupacional en el ámbito de la escuela de hosteleria (DOGC 3935, de 29.7.2003).[/vc_column_text][/vc_column][/vc_row]</p>

<p>[vc_row el_position=»first»][vc_column][vc_single_image image=»2051&#8243; img_size=»940&#215;325&#8243; el_position=»first last»][/vc_column][/vc_row][vc_row][vc_column][vc_column_text] [/vc_column_text][/vc_column][/vc_row][vc_row el_position=»last»][vc_column][vc_column_text el_position=»first»] Documentación [/vc_column_text][vc_column_text el_position=»last»] Acuerdo de colaboración entre el Departamento de Educación de la Generalitat de Cataluña y el Conselh Generau de la Val d’Aran para la incentivación del uso del aranés a los centros educativos y la incorporación de contenidos específicos de la Val d’Aran en&#8230;</p>
