{"id":51534,"date":"2023-01-11T10:16:23","date_gmt":"2023-01-11T09:16:23","guid":{"rendered":"https:\/\/www.conselharan.org\/?page_id=51534"},"modified":"2023-01-11T10:20:22","modified_gmt":"2023-01-11T09:20:22","slug":"jo-recicli","status":"publish","type":"page","link":"https:\/\/www.conselharan.org\/es\/jo-recicli\/","title":{"rendered":"Jo Recicli"},"content":{"rendered":"<p>[vc_row el_position=\u00bbfirst\u00bb][vc_column][vc_single_image image=\u00bb51540&#8243; img_size=\u00bb940&#215;325&#8243; el_position=\u00bbfirst last\u00bb][\/vc_column][\/vc_row][vc_row el_position=\u00bblast\u00bb][vc_column][vc_column_text el_position=\u00bbfirst\u00bb]<strong>Jo Recicli, \u00a1la app que facilita la recogida de cart\u00f3n entre los comercios!<\/strong><\/p>\n<p>El gobierno del Conselh Generau d\u2019Aran ha creado la aplicaci\u00f3n Jo Recicli para facilitar la recogida puerta a puerta de la fracci\u00f3n de cart\u00f3n entre los establecimientos comerciales del territorio. Mediante esta aplicaci\u00f3n, los comercios de la Val d\u2019Aran registrados pueden generar una alarma, dentro del horario establecido, para que el servicio de recogida de basuras se lleve esta fracci\u00f3n.<\/p>\n<p>Los horarios de generaci\u00f3n de alarmas de recogida de cart\u00f3n en Vielha e Mijaran son de lunes a viernes de 08:00 a 11:00 horas durante todo el a\u00f1o, en Naut Aran los jueves de 08:00 a 13:00 horas durante la temporada de invierno, y en los municipios del Baish Aran los viernes de 08:00 a 13:00 todo el a\u00f1o. Solo puede generarse una alarma al d\u00eda por comercio y dentro del horario establecido.<\/p>\n<p>\u00a1Desc\u00e1rgate Jo Recicli!<\/p>\n<p><a href=\"https:\/\/apps.apple.com\/es\/app\/jorecicli\/id1544405814\" target=\"_blank\" rel=\"noopener noreferrer\"><img loading=\"lazy\" decoding=\"async\" class=\"wp-image-52275 alignleft\" src=\"https:\/\/www.visitvaldaran.com\/wp-content\/uploads\/2020\/07\/kisspng-app-store-apple-download-logo-app-store-5b500d988880b2.3327280815319730165591.jpg\" alt=\"\" width=\"173\" height=\"64\" \/><\/a><a href=\"https:\/\/play.google.com\/store\/apps\/details?id=org.conselharan.reciclaran&amp;hl=es&amp;gl=US&amp;pli=1\" target=\"_blank\" rel=\"noopener noreferrer\"><img loading=\"lazy\" decoding=\"async\" class=\"wp-image-52269 alignleft\" src=\"https:\/\/www.visitvaldaran.com\/wp-content\/uploads\/2020\/07\/app-store-android-download.png\" alt=\"\" width=\"216\" height=\"64\" \/><\/a>[\/vc_column_text][\/vc_column][\/vc_row]<\/p>\n ","protected":false},"excerpt":{"rendered":"<p>[vc_row el_position=\u00bbfirst\u00bb][vc_column][vc_single_image image=\u00bb51540&#8243; img_size=\u00bb940&#215;325&#8243; el_position=\u00bbfirst last\u00bb][\/vc_column][\/vc_row][vc_row el_position=\u00bblast\u00bb][vc_column][vc_column_text el_position=\u00bbfirst\u00bb]Jo Recicli, \u00a1la app que facilita la recogida de cart\u00f3n entre los comercios! El gobierno del Conselh Generau d\u2019Aran ha creado la aplicaci\u00f3n Jo Recicli para facilitar la recogida puerta a puerta de la fracci\u00f3n de cart\u00f3n entre los establecimientos comerciales del territorio. Mediante esta aplicaci\u00f3n, los comercios&#8230;<\/p>\n","protected":false},"author":8,"featured_media":0,"parent":0,"menu_order":0,"comment_status":"closed","ping_status":"closed","template":"page-onesidebar.php","meta":{"footnotes":""},"_links":{"self":[{"href":"https:\/\/www.conselharan.org\/es\/wp-json\/wp\/v2\/pages\/51534"}],"collection":[{"href":"https:\/\/www.conselharan.org\/es\/wp-json\/wp\/v2\/pages"}],"about":[{"href":"https:\/\/www.conselharan.org\/es\/wp-json\/wp\/v2\/types\/page"}],"author":[{"embeddable":true,"href":"https:\/\/www.conselharan.org\/es\/wp-json\/wp\/v2\/users\/8"}],"replies":[{"embeddable":true,"href":"https:\/\/www.conselharan.org\/es\/wp-json\/wp\/v2\/comments?post=51534"}],"version-history":[{"count":3,"href":"https:\/\/www.conselharan.org\/es\/wp-json\/wp\/v2\/pages\/51534\/revisions"}],"predecessor-version":[{"id":51550,"href":"https:\/\/www.conselharan.org\/es\/wp-json\/wp\/v2\/pages\/51534\/revisions\/51550"}],"wp:attachment":[{"href":"https:\/\/www.conselharan.org\/es\/wp-json\/wp\/v2\/media?parent=51534"}],"curies":[{"name":"wp","href":"https:\/\/api.w.org\/{rel}","templated":true}]}}

<p>[vc_row el_position=»first»][vc_column][vc_single_image image=»51540&#8243; img_size=»940&#215;325&#8243; el_position=»first last»][/vc_column][/vc_row][vc_row el_position=»last»][vc_column][vc_column_text el_position=»first»]<strong>Jo Recicli, ¡la app que facilita la recogida de cartón entre los comercios!</strong></p>
<p>El gobierno del Conselh Generau d’Aran ha creado la aplicación Jo Recicli para facilitar la recogida puerta a puerta de la fracción de cartón entre los establecimientos comerciales del territorio. Mediante esta aplicación, los comercios de la Val d’Aran registrados pueden generar una alarma, dentro del horario establecido, para que el servicio de recogida de basuras se lleve esta fracción.</p>
<p>Los horarios de generación de alarmas de recogida de cartón en Vielha e Mijaran son de lunes a viernes de 08:00 a 11:00 horas durante todo el año, en Naut Aran los jueves de 08:00 a 13:00 horas durante la temporada de invierno, y en los municipios del Baish Aran los viernes de 08:00 a 13:00 todo el año. Solo puede generarse una alarma al día por comercio y dentro del horario establecido.</p>
<p>¡Descárgate Jo Recicli!</p>
<p><a href="https://apps.apple.com/es/app/jorecicli/id1544405814" target="_blank" rel="noopener noreferrer"><img loading="lazy" decoding="async" class="wp-image-52275 alignleft" src="https://www.visitvaldaran.com/wp-content/uploads/2020/07/kisspng-app-store-apple-download-logo-app-store-5b500d988880b2.3327280815319730165591.jpg" alt="" width="173" height="64" /></a><a href="https://play.google.com/store/apps/details?id=org.conselharan.reciclaran&amp;hl=es&amp;gl=US&amp;pli=1" target="_blank" rel="noopener noreferrer"><img loading="lazy" decoding="async" class="wp-image-52269 alignleft" src="https://www.visitvaldaran.com/wp-content/uploads/2020/07/app-store-android-download.png" alt="" width="216" height="64" /></a>[/vc_column_text][/vc_column][/vc_row]</p>

<p>[vc_row el_position=»first»][vc_column][vc_single_image image=»51540&#8243; img_size=»940&#215;325&#8243; el_position=»first last»][/vc_column][/vc_row][vc_row el_position=»last»][vc_column][vc_column_text el_position=»first»]Jo Recicli, ¡la app que facilita la recogida de cartón entre los comercios! El gobierno del Conselh Generau d’Aran ha creado la aplicación Jo Recicli para facilitar la recogida puerta a puerta de la fracción de cartón entre los establecimientos comerciales del territorio. Mediante esta aplicación, los comercios&#8230;</p>
